 0, -3*r = 5*q - 4089 - 155463. What is the units digit of q?
4
Let g be 9/(1/(1/(3/2))). Let i = g + 143. What is the tens digit of i?
4
Let p = -1254 - 487. Let k = p + 2928. What is the thousands digit of k?
1
Let u = 241 - 239. Suppose -u*c = -5*x + 2068, -6*x = -3*x - 5*c - 1237. What is the tens digit of x?
1
What is the hundreds digit of (12 - (-1846350)/162) + (16/9 - 2)?
4
Let u(c) = 3*c**2 - 3*c - 13. Let w = 17 - 6. Let q be u(w). Let a = q - 188. What is the hundreds digit of a?
1
Let q(m) = 1227*m - 2. What is the hundreds digit of q(6)?
3
Suppose -97 = -13*x - 32. Suppose 3*d = x*d - 4. What is the tens digit of ((-1)/d)/(((-2)/92)/1)?
2
Let j = 141 - 136. Suppose -d + 308 = p + 4*p, -j*d = 2*p - 1540. What is the hundreds digit of d?
3
Suppose -20*q + 3*u - 79479 = -22*q, 0 = 4*q + u - 158983. What is the hundreds digit of q?
7
Suppose 4*n - 58887 = -5*t, t - 73593 = -63*n + 58*n. What is the thousands digit of n?
4
Let z(g) be the third derivative of -3*g**4/8 + 25*g**3/6 - 15*g**2. Let p be z(-18). Let i = 266 - p. What is the units digit of i?
9
Suppose -13*w = -18*w + 4690. What is the units digit of w?
8
Suppose -4*g - 7*g + 4198 = -52364. What is the units digit of g?
2
What is the thousands digit of 10685/3 - (-67)/201?
3
Suppose -4*n = 8, -5*n + 7 = 3*y - 4*n. Suppose 0 = -4*d + 4*f - y*f - 12, 5*f = 20. What is the tens digit of d - -1 - -152 - -1?
5
Let u be 1 + (767 - -4) + -4. Suppose -5*i - u = 2*m, -i + 5*m = -0*i + 132. Let b = 289 + i. What is the tens digit of b?
3
Suppose 5*f = -5*h + 30055, 14*f = -2*h + 10*f + 12028. What is the tens digit of h?
0
Let w(y) = 29*y**2 + 346*y - 6558. What is the units digit of w(18)?
6
Let h(i) = 20548*i**3 - 4*i**2 - 15*i + 20. What is the units digit of h(1)?
9
Suppose u + 2 = 0, d + 0*u + u - 14 = 0. Suppose d*v - 18*v = -262. Let k = 197 - v. What is the tens digit of k?
6
Suppose -206140 - 377969 = -20*q - 160089. What is the units digit of q?
1
Let v = -192 + 192. Suppose -4*a + 3*q - 2*q + 782 = v, 5*q = -2*a + 402. What is the tens digit of a?
9
Let y be 16/(-6) + 8/(-24). Let n be 1/(y + (-16)/(-5)). What is the units digit of (253/(-55))/((-1)/n)?
3
Let u be 1/(15/40 - (-69)/(-120)). What is the units digit of 6/150*10 + (-23)/u?
5
Let d = -509 - 124. Let w = d + 1305. What is the hundreds digit of w?
6
Let i(f) = -4*f**3 - 19*f**2 - 43*f - 22. Let w(a) = 3*a**3 + 19*a**2 + 43*a + 23. Let y(n) = -2*i(n) - 3*w(n). What is the units digit of y(-17)?
8
Suppose -4*t + 0*t + 4032 = 2*a, -3*t + 3031 = 5*a. Let z = 2188 - t. What is the thousands digit of z?
1
Suppose 5*v = -5, -2577 = 2*l + 13*v - 12*v. What is the units digit of l/(-42) - (-8)/6?
2
Let m(s) = -5*s + 23. Let z(w) = 8*w - 35. Let p(l) = -7*m(l) - 5*z(l). Let n be p(-6). What is the units digit of 15/(-6)*n/(-5)?
2
Let u = 105284 - 69550. What is the units digit of u?
4
Let b be 516/84 - (2/(-14))/(-1). What is the units digit of ((-42882)/(-126))/(8/b - 1)?
1
What is the tens digit of ((-1110)/(-10))/(6*3/210)?
9
Let h(a) = 16*a**2 - 101*a - 878. What is the units digit of h(-11)?
9
Suppose -99*k - 1275801 = -262*k. What is the units digit of k?
7
Let t(v) be the first derivative of 65*v**3 + 7*v**2/2 - 12*v + 38. What is the tens digit of t(2)?
8
Let m be (-1 - 0/(-1))/(-1). Let c = 420 - 417. What is the units digit of -1 - (-10)/m - c?
6
Suppose -5*d - 23350 = -a - 0*d, 3*d = 2*a - 46679. What is the tens digit of a?
3
Let g be (1 - (-204)/(-24))*316/6. Let r = 736 + g. What is the units digit of r?
1
Suppose 0 = -x - 85 + 13. Let b = x - 13. Let q = b - -157. What is the units digit of q?
2
Suppose 0 = 17*k - 3*k - 56. Suppose -3*y + 5*x + 1280 = -259, 3*x - 2023 = -k*y. What is the tens digit of y?
0
Let k be ((-4938)/(-9))/((-4)/6). Let z = k + 343. Let q = z - -757. What is the units digit of q?
7
Let i = 18033 + -8196. What is the hundreds digit of i?
8
Let x(k) = -k**3 - 48*k**2 - 46*k + 52. Let q be x(-47). What is the hundreds digit of (450/(-24) + q)*-84?
1
Suppose -199*f - 832174 = -10371836. What is the hundreds digit of f?
9
Suppose -4*a - 2*y + 131066 = 0, -731 + 743 = 4*y. What is the hundreds digit of a?
7
Suppose -2*p - 2 = -f - 6, -4*f + 5*p = 7. Suppose 2*r - 216 = -j, f*j + 9*r = 7*r + 430. What is the units digit of j?
4
What is the units digit of -7*(684/270*-9)/((-6)/(-1880))?
8
Suppose 0 = -5*u - 3*r + 4199, 0 = -4*r - 0*r + 12. Let v = u + -437. What is the hundreds digit of v?
4
Suppose 0 = -32*y + 5*y + 228674 - 4277. What is the units digit of y?
1
Suppose 0 = 52*z + 14*z. Suppose z = -2*q + 3 + 1, 0 = -h + 4*q + 1849. What is the thousands digit of h?
1
Let v = -66156 - -94802. What is the hundreds digit of v?
6
Let v(b) = b**3 - 44*b**2 - 395*b - 174. What is the units digit of v(59)?
6
Let v(l) = -2*l**2 - 33*l - 4. Let w = -22 + 6. Let y be v(w). Suppose y = -3*o, c - o - 8 = 156. What is the hundreds digit of c?
1
Suppose -36*z + 381 = -303. Let m(o) = -6*o + 23. Let p(l) = -1. Let b(x) = -m(x) - 2*p(x). What is the units digit of b(z)?
3
Let a = 889 + 21. What is the tens digit of 3 + a + (-2 - (0 + -5))?
1
Let s be (-845)/7 + (969/(-133) - -7). Suppose -2*m = x - 246, 5*x - 3 = -23. Let h = s + m. What is the units digit of h?
4
Suppose -2*b - 2*b - 8 = -4*y, -4*b - 22 = 3*y. Let l = b + 6. Suppose -372 = l*x - 8*x. What is the units digit of x?
2
Let g(n) = -n**2 + 3*n + 56. Let d be g(-6). Suppose -k + v + 128 = -248, d*v = -5*k + 1901. What is the tens digit of k?
7
Let o be ((-202)/(-4))/(1/(-146)). What is the tens digit of (-12)/(-150) + o/(-25)?
9
Let s(w) = -7*w - 37. Let u be s(-5). What is the units digit of (-1718)/(0 + u) - (-5 - -9)?
5
Let c be 5586/35 + 6/(-10). Suppose -97 = 2*h + 73. Let r = c + h. What is the tens digit of r?
7
Suppose -5*w + 10*t = 9*t - 12108, 3*t + 2430 = w. Let x = -1144 + w. What is the tens digit of x?
7
What is the hundreds digit of (-621)/6*(-23)/(207/78)?
8
Suppose 0 = 29*k - 26*k - 27. Let a be 465/k*(2 - -4). Suppose -5*p + 4*j + a = 0, 0*j = -2*j. What is the units digit of p?
2
Let t(b) = 2*b + 8*b + b. Suppose 3*o = -4*n + 38, 0 = 3*n - 6*n - o + 26. What is the units digit of t(n)?
8
Suppose -4*a + 1458 = -2326. Suppose 0 = m - 5, 5*m + a + 874 = 5*j. What is the units digit of (6 - (-50)/(-8)) + j/4?
2
Suppose -m = f + 2, -10 = f + 2*f + 2*m. Let l be -2*2/(1*f/147). Suppose l = s + 4. What is the tens digit of s?
9
Let f = 1251 - -15413. What is the hundreds digit of f?
6
Suppose 1 = -5*q + 11. Suppose -2*g + 2 = 0, -q*g = 5*f - 0*f - 22. Suppose -3*c - 305 = -5*z - 5*c, 3*z - 169 = -f*c. What is the tens digit of z?
6
Let n(y) be the second derivative of y**2 + 1/10*y**5 - 1/6*y**4 + 1/3*y**3 + 0 - 7*y. What is the tens digit of n(3)?
4
Suppose -75 = -4*h - 11. Let w = h + -18. What is the hundreds digit of 133 + 3*(w - -3)?
1
Suppose -54*c + 521453 = -323053. What is the tens digit of c?
3
Let g be (5/(-2))/(5*10/(-100)). Let c = g - -576. What is the hundreds digit of c?
5
Suppose 8 - 31 = 23*o. Let s(l) = -409*l + 33. What is the hundreds digit of s(o)?
4
What is the tens digit of (-204)/(-36) + (-18)/27 + (34378 - -2)?
8
Let p be (0 - 6)*2/3. Let a(r) be the third derivative of -17*r**4/24 - 2*r**3/3 + 37*r**2. What is the tens digit of a(p)?
6
Suppose 5*f = 2*v + 460, 3*v + 107 + 583 = -5*f. Let t = 392 + v. What is the hundreds digit of t?
1
Let v be ((-142)/(-6) - 1) + 8/24. Let r be -2 - (4 - 8) - v*4. Let q = 229 + r. What is the tens digit of q?
3
Let a(g) = 6219*g + 9049. What is the thousands digit of a(7)?
2
What is the hundreds digit of ((-6)/22)/(104/(-2860))*1616?
1
Let q = 22 + -20. Let a(j) = -7 - j**3 + 24 - 3*j - 8*j**q - 10*j**2 + 3*j**2. What is the units digit of a(-15)?
2
Suppose 8 = 2*v - 2. Suppose 0*n + v*n = -s + 18, 4*s - 24 = 4*n. What is the hundreds digit of (-412)/(-6)*((-4)/s - -2)?
1
Suppose 5*t - 7 = 2*o, 0*t + 5*t + 1 = 4*o. Suppose -5*g = o*b - 0*b - 2009, 0 = 5*g + 5*b - 2005. What is the hundreds digit of g?
4
What is the tens digit of 978 + 5 + 6/((-4)/((-16)/(-3)))?
7
Let w = 213 + -205. Suppose 2*b - 782 = 4*t, 7*t = 2*b + w*t - 782. What is the tens digit of b?
9
Let o(l) = -7*l - 56. Let h be o(-8). Suppose -5*f = -4*a + 2168, h = 2*f + 2*a - 191 + 1069. Let k = -292 - f.